0 is divided by 1759?
11
What is the remainder when 197038 is divided by 98514?
10
Calculate the remainder when 58946 is divided by 567.
545
Calculate the remainder when 108506 is divided by 169.
8
Calculate the remainder when 3238 is divided by 594.
268
Calculate the remainder when 3173 is divided by 1579.
15
What is the remainder when 2958 is divided by 206?
74
Calculate the remainder when 10241 is divided by 394.
391
What is the remainder when 6821 is divided by 943?
220
What is the remainder when 3180 is divided by 815?
735
Calculate the remainder when 7787 is divided by 24.
11
Calculate the remainder when 39903 is divided by 45.
33
What is the remainder when 32361 is divided by 247?
4
Calculate the remainder when 4871 is divided by 10.
1
Calculate the remainder when 1101548 is divided by 17.
16
What is the remainder when 1775 is divided by 568?
71
Calculate the remainder when 6752 is divided by 961.
25
Calculate the remainder when 839436 is divided by 419711.
14
Calculate the remainder when 122517 is divided by 17.
15
Calculate the remainder when 723580 is divided by 180887.
32
Calculate the remainder when 12878 is divided by 862.
810
What is the remainder when 446717 is divided by 28?
5
What is the remainder when 2789 is divided by 8?
5
Calculate the remainder when 30294 is divided by 415.
414
What is the remainder when 707 is divided by 707?
0
Calculate the remainder when 26496 is divided by 20.
16
Calculate the remainder when 129190 is divided by 8612.
10
Calculate the remainder when 59284 is divided by 549.
541
Calculate the remainder when 23373 is divided by 68.
49
What is the remainder when 8775 is divided by 79?
6
Calculate the remainder when 219799 is divided by 200.
199
What is the remainder when 11626 is divided by 277?
269
What is the remainder when 21756 is divided by 139?
72
What is the remainder when 1085108 is divided by 442?
440
What is the remainder when 5630 is divided by 945?
905
Calculate the remainder when 28387 is divided by 2360.
67
Calculate the remainder when 187223 is divided by 17020.
3
Calculate the remainder when 7098 is divided by 774.
132
What is the remainder when 1378 is divided by 295?
198
Calculate the remainder when 1968 is divided by 86.
76
What is the remainder when 84830 is divided by 748?
306
What is the remainder when 61925 is divided by 189?
122
What is the remainder when 5276 is divided by 176?
172
What is the remainder when 532503 is divided by 257?
256
What is the remainder when 1864 is divided by 219?
112
What is the remainder when 2694 is divided by 1346?
2
Calculate the remainder when 14504 is divided by 3620.
24
Calculate the remainder when 20340 is divided by 1128.
36
What is the remainder when 9167 is divided by 112?
95
Calculate the remainder when 7283 is divided by 1742.
315
What is the remainder when 3715516 is divided by 17?
13
Calculate the remainder when 36770 is divided by 310.
190
Calculate the remainder when 11059 is divided by 291.
1
Calculate the remainder when 238792 is divided by 99.
4
Calculate the remainder when 183464 is divided by 561.
17
Calculate the remainder when 142652 is divided by 20.
12
Calculate the remainder when 202280 is divided by 33707.
38
What is the remainder when 3196 is divided by 940?
376
What is the remainder when 522547 is divided by 35?
32
What is the remainder when 12900 is divided by 74?
24
Calculate the remainder when 50717 is divided by 32.
29
What is the remainder when 10999 is divided by 269?
239
Calculate the remainder when 2597 is divided by 569.
321
Calculate the remainder when 43684 is divided by 31.
5
What is the remainder when 74504 is divided by 220?
144
Calculate the remainder when 711022 is divided by 39.
13
Calculate the remainder when 76774 is divided by 38383.
8
What is the remainder when 26951 is divided by 10?
1
Calculate the remainder when 2685206 is divided by 332.
322
Calculate the remainder when 6102 is divided by 607.
32
What is the remainder when 42034 is divided by 147?
139
Calculate the remainder when 4558 is divided by 449.
68
What is the remainder when 2628 is divided by 36?
0
What is the remainder when 19939 is divided by 1812?
7
Calculate the remainder when 7687 is divided by 536.
183
What is the remainder when 3735 is divided by 21?
18
What is the remainder when 3401 is divided by 83?
81
Calculate the remainder when 467 is divided by 286.
181
What is the remainder when 2774 is divided by 615?
314
Calculate the remainder when 684 is divided by 335.
14
Calculate the remainder when 1310 is divided by 20.
10
Calculate the remainder when 811627 is divided by 1371.
1366
What is the remainder when 37756 is divided by 12472?
340
Calculate the remainder when 156647 is divided by 272.
247
What is the remainder when 56609 is divided by 314?
89
Calculate the remainder when 186605 is divided by 6911.
8
What is the remainder when 3566 is divided by 869?
90
What is the remainder when 24385 is divided by 34?
7
What is the remainder when 107873 is divided by 77?
73
Calculate the remainder when 4462 is divided by 1504.
1454
Calculate the remainder when 4057 is divided by 237.
28
Calculate the remainder when 394466 is divided by 7.
2
What is the remainder when 2638 is divided by 867?
37
What is the remainder when 48820 is divided by 474?
472
Calculate the remainder when 4427 is divided by 2210.
7
Calculate the remainder when 3479494 is divided by 12.
10
Calculate the remainder when 7884827 is divided by 603.
602
Calculate the remainder when 6634 is divided by 1919.
877
What is the remainder when 12835 is divided by 3195?
55
Calculate the remainder when 22728 is divided by 7542.
102
What is the remainder when 222314 is divided by 79?
8
Calculate the remainder when 3332 is divided by 368.
20
What is the remainder when 52436 is divided by 5243?
6
What is the remainder when 3166 is divided by 787?
18
What is the remainder when 285178 is divided by 1037?
3
What is the remainder when 217432 is divided by 3?
1
Calculate the remainder when 8997 is divided by 2923.
228
Calculate the remainder when 269 is divided by 195.
74
What is the remainder when 553552 is divided by 138385?
12
What is the remainder when 59650 is divided by 59649?
1
Calculate the remainder when 40533 is divided by 750.
33
What is the remainder when 18073 is divided by 475?
23
Calculate the remainder when 6027 is divided by 85.
77
What is the remainder when 67859 is divided by 261?
260
Calculate the remainder when 2020 is divided by 346.
290
Calculate the remainder when 3966 is divided by 264.
6
Calculate the remainder when 202882 is divided by 636.
634
Calculate the remainder when 2963 is divided by 46.
19
Calculate the remainder when 167 is divided by 125.
42
What is the remainder when 784 is divided by 536?
248
Calculate the remainder when 7761 is divided by 3843.
75
What is the remainder when 12664 is divided by 372?
16
Calculate the remainder when 9038 is divided by 126.
92
What is the remainder when 1230552 is divided by 17091?
0
What is the remainder when 28446 is divided by 3?
0
Calculate the remainder when 40442 is divided by 917.
94
What is the remainder when 2135 is divided by 261?
47
What is the remainder when 177847 is divided by 1348?
1259
What is the remainder when 91783 is divided by 1163?
1069
Calculate the remainder when 92408 is divided by 163.
150
What is the remainder when 18625 is divided by 9?
4
What is the remainder when 61815 is divided by 220?
215
Calculate the remainder when 4160 is divided by 72.
56
Calculate the remainder when 436129 is divided by 15576.
1
What is the remainder when 218956 is divided by 257?
249
Calculate the remainder when 24691 is divided by 168.
163
What is the remainder when 1063 is divided by 395?
273
Calculate the remainder when 67897 is divided by 386.
347
Calculate the remainder when 6518 is divided by 1077.
56
Calculate the remainder when 39154 is divided by 14.
10
Calculate the remainder when 13073 is divided by 1446.
59
What is the remainder when 376 is divided by 98?
82
What is the remainder when 3246 is divided by 3200?
46
Calculate the remainder when 40068 is divided by 516.
336
What is the remainder when 2419 is divided by 246?
205
Calculate the remainder when 66460 is divided by 268.
264
Calculate the remainder